{"id":66,"date":"2022-04-19T17:56:36","date_gmt":"2022-04-19T15:56:36","guid":{"rendered":"https:\/\/ww2.heimatverein-tostedt.de\/wordpress\/?page_id=66"},"modified":"2025-11-26T12:27:30","modified_gmt":"2025-11-26T11:27:30","slug":"plattdeutsch","status":"publish","type":"page","link":"https:\/\/www.heimatverein-tostedt.de\/wordpress\/gruppen\/plattdeutsch\/","title":{"rendered":"Plattdeutsch &#8222;Platt in&#8217;n Heimathuus&#8220;"},"content":{"rendered":"\n<p>De Plattd\u00fc\u00fctschgrupp in Vereen gifft dat seit 28. M\u00e4rz 2001. An dissen Dag hebbt sik 5 Mitglieder vom Vereen v\u00f6rn\u00f6men de Plattd\u00fc\u00fctsche Spraak up verschiedene Oort un Wies to erhoolen, to verbetern und \u00fcnner de L\u00fc\u00fcd to bringen!<\/p>\n\n\n\n<p>Intwischen sind wi ne Grupp von ca 25-30 L\u00fc\u00fct und dreept us alle 4 Weeken j\u00fcmmer d\u00fcnnersdags (1. D\u00fcnnerstag int Maand, Klock 19.30) int Heimathus in T\u00f6st in Himmelsweg.<\/p>\n\n\n\n<p>Hier kann jedereen mitmaaken, watt v\u00f6rlesen oder ok bloots toh\u00fcren, wenn Plattd\u00fctsch- Autoren wat ut ehre B\u00f6\u00f6ker v\u00f6rleest.<\/p>\n\n\n\n<p>We mookt ok mol Utfohrten und bes\u00f6\u00f6kt plattd\u00fc\u00fctsche Theateropf\u00fchrungen. G\u00e4ste, de Lust hebbt bi uns mit to moken, sind jeder Tied von Harten willkommen.<\/p>\n\n\n\n<p>De Leitung von de Plattd\u00fc\u00fctschgrupp h\u00e4tt Hans-Heinrich Dreyer, Tel.: 04182\/ 5130<\/p>\n\n\n\n<hr class=\"wp-block-separator has-css-opacity\"\/>\n\n\n\n<figure class=\"wp-block-image size-large\"><img data-recalc-dims=\"1\" loading=\"lazy\" decoding=\"async\" width=\"900\" height=\"438\" src=\"https:\/\/i0.wp.com\/www.heimatverein-tostedt.de\/wordpress\/wp-content\/uploads\/2022\/10\/Plattdeutschgruppe_20220602.jpg?resize=900%2C438&#038;ssl=1\" alt=\"\" class=\"wp-image-860\" srcset=\"https:\/\/i0.wp.com\/www.heimatverein-tostedt.de\/wordpress\/wp-content\/uploads\/2022\/10\/Plattdeutschgruppe_20220602.jpg?resize=1024%2C498&amp;ssl=1 1024w, https:\/\/i0.wp.com\/www.heimatverein-tostedt.de\/wordpress\/wp-content\/uploads\/2022\/10\/Plattdeutschgruppe_20220602.jpg?resize=300%2C146&amp;ssl=1 300w, https:\/\/i0.wp.com\/www.heimatverein-tostedt.de\/wordpress\/wp-content\/uploads\/2022\/10\/Plattdeutschgruppe_20220602.jpg?resize=768%2C374&amp;ssl=1 768w, https:\/\/i0.wp.com\/www.heimatverein-tostedt.de\/wordpress\/wp-content\/uploads\/2022\/10\/Plattdeutschgruppe_20220602.jpg?resize=1536%2C747&amp;ssl=1 1536w, https:\/\/i0.wp.com\/www.heimatverein-tostedt.de\/wordpress\/wp-content\/uploads\/2022\/10\/Plattdeutschgruppe_20220602.jpg?resize=150%2C73&amp;ssl=1 150w, https:\/\/i0.wp.com\/www.heimatverein-tostedt.de\/wordpress\/wp-content\/uploads\/2022\/10\/Plattdeutschgruppe_20220602.jpg?w=1579&amp;ssl=1 1579w\" sizes=\"auto, (max-width: 900px) 100vw, 900px\" \/><\/figure>\n\n\n\n<hr class=\"wp-block-separator has-css-opacity\"\/>\n\n\n\n<p>Witz: &nbsp;&#8222;Mami, wor\u00fcm hest du eigentlich Papi heuradt?&#8220;<br>&nbsp; &nbsp; &nbsp; &#8222;S\u00fchst du, Paul, nich mal dat Kind begrippt dat!&#8220;&nbsp;<\/p>\n","protected":false},"excerpt":{"rendered":"<p>De Plattd\u00fc\u00fctschgrupp in Vereen gifft dat seit 28. M\u00e4rz 2001. An dissen Dag hebbt sik 5 Mitglieder vom Vereen v\u00f6rn\u00f6men de Plattd\u00fc\u00fctsche Spraak up verschiedene Oort un Wies to erhoolen, to verbetern und \u00fcnner de L\u00fc\u00fcd to bringen! Intwischen sind wi ne Grupp von ca 25-30 L\u00fc\u00fct und dreept us&#8230;<\/p>\n<p> <a class=\"continue-reading-link\" href=\"https:\/\/www.heimatverein-tostedt.de\/wordpress\/gruppen\/plattdeutsch\/\"><span>Continue reading<\/span><i class=\"crycon-right-dir\"><\/i><\/a> <\/p>\n","protected":false},"author":1,"featured_media":0,"parent":15,"menu_order":0,"comment_status":"closed","ping_status":"closed","template":"","meta":{"_uag_custom_page_level_css":"","ngg_post_thumbnail":0,"footnotes":""},"class_list":["post-66","page","type-page","status-publish","hentry"],"yoast_head":"<!-- This site is optimized with the Yoast SEO plugin v25.3.1 - https:\/\/yoast.com\/wordpress\/plugins\/seo\/ -->\n<title>Plattdeutsch &quot;Platt in&#039;n Heimathuus&quot; - Heimatverein Tostedt e. V.<\/title>\n<meta name=\"robots\" content=\"index, follow, max-snippet:-1, max-image-preview:large, max-video-preview:-1\" \/>\n<link rel=\"canonical\" href=\"https:\/\/www.heimatverein-tostedt.de\/wordpress\/gruppen\/plattdeutsch\/\" \/>\n<meta property=\"og:locale\" content=\"de_DE\" \/>\n<meta property=\"og:type\" content=\"article\" \/>\n<meta property=\"og:title\" content=\"Plattdeutsch &quot;Platt in&#039;n Heimathuus&quot; - Heimatverein Tostedt e. V.\" \/>\n<meta property=\"og:description\" content=\"De Plattd\u00fc\u00fctschgrupp in Vereen gifft dat seit 28. M\u00e4rz 2001. An dissen Dag hebbt sik 5 Mitglieder vom Vereen v\u00f6rn\u00f6men de Plattd\u00fc\u00fctsche Spraak up verschiedene Oort un Wies to erhoolen, to verbetern und \u00fcnner de L\u00fc\u00fcd to bringen! Intwischen sind wi ne Grupp von ca 25-30 L\u00fc\u00fct und dreept us... Continue reading\" \/>\n<meta property=\"og:url\" content=\"https:\/\/www.heimatverein-tostedt.de\/wordpress\/gruppen\/plattdeutsch\/\" \/>\n<meta property=\"og:site_name\" content=\"Heimatverein Tostedt e. V.\" \/>\n<meta property=\"article:modified_time\" content=\"2025-11-26T11:27:30+00:00\" \/>\n<meta property=\"og:image\" content=\"https:\/\/www.heimatverein-tostedt.de\/wordpress\/wp-content\/uploads\/2022\/10\/Plattdeutschgruppe_20220602-1024x498.jpg\" \/>\n<meta name=\"twitter:card\" content=\"summary_large_image\" \/>\n<meta name=\"twitter:label1\" content=\"Gesch\u00e4tzte Lesezeit\" \/>\n\t<meta name=\"twitter:data1\" content=\"1\u00a0Minute\" \/>\n<script type=\"application\/ld+json\" class=\"yoast-schema-graph\">{\"@context\":\"https:\/\/schema.org\",\"@graph\":[{\"@type\":\"WebPage\",\"@id\":\"https:\/\/www.heimatverein-tostedt.de\/wordpress\/gruppen\/plattdeutsch\/\",\"url\":\"https:\/\/www.heimatverein-tostedt.de\/wordpress\/gruppen\/plattdeutsch\/\",\"name\":\"Plattdeutsch \\\"Platt in'n Heimathuus\\\" - Heimatverein Tostedt e. V.\",\"isPartOf\":{\"@id\":\"https:\/\/www.heimatverein-tostedt.de\/wordpress\/#website\"},\"primaryImageOfPage\":{\"@id\":\"https:\/\/www.heimatverein-tostedt.de\/wordpress\/gruppen\/plattdeutsch\/#primaryimage\"},\"image\":{\"@id\":\"https:\/\/www.heimatverein-tostedt.de\/wordpress\/gruppen\/plattdeutsch\/#primaryimage\"},\"thumbnailUrl\":\"https:\/\/www.heimatverein-tostedt.de\/wordpress\/wp-content\/uploads\/2022\/10\/Plattdeutschgruppe_20220602-1024x498.jpg\",\"datePublished\":\"2022-04-19T15:56:36+00:00\",\"dateModified\":\"2025-11-26T11:27:30+00:00\",\"breadcrumb\":{\"@id\":\"https:\/\/www.heimatverein-tostedt.de\/wordpress\/gruppen\/plattdeutsch\/#breadcrumb\"},\"inLanguage\":\"de\",\"potentialAction\":[{\"@type\":\"ReadAction\",\"target\":[\"https:\/\/www.heimatverein-tostedt.de\/wordpress\/gruppen\/plattdeutsch\/\"]}]},{\"@type\":\"ImageObject\",\"inLanguage\":\"de\",\"@id\":\"https:\/\/www.heimatverein-tostedt.de\/wordpress\/gruppen\/plattdeutsch\/#primaryimage\",\"url\":\"https:\/\/i0.wp.com\/www.heimatverein-tostedt.de\/wordpress\/wp-content\/uploads\/2022\/10\/Plattdeutschgruppe_20220602.jpg?fit=1579%2C768&ssl=1\",\"contentUrl\":\"https:\/\/i0.wp.com\/www.heimatverein-tostedt.de\/wordpress\/wp-content\/uploads\/2022\/10\/Plattdeutschgruppe_20220602.jpg?fit=1579%2C768&ssl=1\",\"width\":1579,\"height\":768},{\"@type\":\"BreadcrumbList\",\"@id\":\"https:\/\/www.heimatverein-tostedt.de\/wordpress\/gruppen\/plattdeutsch\/#breadcrumb\",\"itemListElement\":[{\"@type\":\"ListItem\",\"position\":1,\"name\":\"Startseite\",\"item\":\"https:\/\/www.heimatverein-tostedt.de\/wordpress\/\"},{\"@type\":\"ListItem\",\"position\":2,\"name\":\"Gruppen\",\"item\":\"https:\/\/www.heimatverein-tostedt.de\/wordpress\/gruppen\/\"},{\"@type\":\"ListItem\",\"position\":3,\"name\":\"Plattdeutsch &#8222;Platt in&#8217;n Heimathuus&#8220;\"}]},{\"@type\":\"WebSite\",\"@id\":\"https:\/\/www.heimatverein-tostedt.de\/wordpress\/#website\",\"url\":\"https:\/\/www.heimatverein-tostedt.de\/wordpress\/\",\"name\":\"Heimatverein Tostedt e. V.\",\"description\":\"\",\"potentialAction\":[{\"@type\":\"SearchAction\",\"target\":{\"@type\":\"EntryPoint\",\"urlTemplate\":\"https:\/\/www.heimatverein-tostedt.de\/wordpress\/?s={search_term_string}\"},\"query-input\":{\"@type\":\"PropertyValueSpecification\",\"valueRequired\":true,\"valueName\":\"search_term_string\"}}],\"inLanguage\":\"de\"}]}<\/script>\n<!-- \/ Yoast SEO plugin. -->","yoast_head_json":{"title":"Plattdeutsch \"Platt in'n Heimathuus\" - Heimatverein Tostedt e. V.","robots":{"index":"index","follow":"follow","max-snippet":"max-snippet:-1","max-image-preview":"max-image-preview:large","max-video-preview":"max-video-preview:-1"},"canonical":"https:\/\/www.heimatverein-tostedt.de\/wordpress\/gruppen\/plattdeutsch\/","og_locale":"de_DE","og_type":"article","og_title":"Plattdeutsch \"Platt in'n Heimathuus\" - Heimatverein Tostedt e. V.","og_description":"De Plattd\u00fc\u00fctschgrupp in Vereen gifft dat seit 28. M\u00e4rz 2001. An dissen Dag hebbt sik 5 Mitglieder vom Vereen v\u00f6rn\u00f6men de Plattd\u00fc\u00fctsche Spraak up verschiedene Oort un Wies to erhoolen, to verbetern und \u00fcnner de L\u00fc\u00fcd to bringen! Intwischen sind wi ne Grupp von ca 25-30 L\u00fc\u00fct und dreept us... Continue reading","og_url":"https:\/\/www.heimatverein-tostedt.de\/wordpress\/gruppen\/plattdeutsch\/","og_site_name":"Heimatverein Tostedt e. V.","article_modified_time":"2025-11-26T11:27:30+00:00","og_image":[{"url":"https:\/\/www.heimatverein-tostedt.de\/wordpress\/wp-content\/uploads\/2022\/10\/Plattdeutschgruppe_20220602-1024x498.jpg","type":"","width":"","height":""}],"twitter_card":"summary_large_image","twitter_misc":{"Gesch\u00e4tzte Lesezeit":"1\u00a0Minute"},"schema":{"@context":"https:\/\/schema.org","@graph":[{"@type":"WebPage","@id":"https:\/\/www.heimatverein-tostedt.de\/wordpress\/gruppen\/plattdeutsch\/","url":"https:\/\/www.heimatverein-tostedt.de\/wordpress\/gruppen\/plattdeutsch\/","name":"Plattdeutsch \"Platt in'n Heimathuus\" - Heimatverein Tostedt e. V.","isPartOf":{"@id":"https:\/\/www.heimatverein-tostedt.de\/wordpress\/#website"},"primaryImageOfPage":{"@id":"https:\/\/www.heimatverein-tostedt.de\/wordpress\/gruppen\/plattdeutsch\/#primaryimage"},"image":{"@id":"https:\/\/www.heimatverein-tostedt.de\/wordpress\/gruppen\/plattdeutsch\/#primaryimage"},"thumbnailUrl":"https:\/\/www.heimatverein-tostedt.de\/wordpress\/wp-content\/uploads\/2022\/10\/Plattdeutschgruppe_20220602-1024x498.jpg","datePublished":"2022-04-19T15:56:36+00:00","dateModified":"2025-11-26T11:27:30+00:00","breadcrumb":{"@id":"https:\/\/www.heimatverein-tostedt.de\/wordpress\/gruppen\/plattdeutsch\/#breadcrumb"},"inLanguage":"de","potentialAction":[{"@type":"ReadAction","target":["https:\/\/www.heimatverein-tostedt.de\/wordpress\/gruppen\/plattdeutsch\/"]}]},{"@type":"ImageObject","inLanguage":"de","@id":"https:\/\/www.heimatverein-tostedt.de\/wordpress\/gruppen\/plattdeutsch\/#primaryimage","url":"https:\/\/i0.wp.com\/www.heimatverein-tostedt.de\/wordpress\/wp-content\/uploads\/2022\/10\/Plattdeutschgruppe_20220602.jpg?fit=1579%2C768&ssl=1","contentUrl":"https:\/\/i0.wp.com\/www.heimatverein-tostedt.de\/wordpress\/wp-content\/uploads\/2022\/10\/Plattdeutschgruppe_20220602.jpg?fit=1579%2C768&ssl=1","width":1579,"height":768},{"@type":"BreadcrumbList","@id":"https:\/\/www.heimatverein-tostedt.de\/wordpress\/gruppen\/plattdeutsch\/#breadcrumb","itemListElement":[{"@type":"ListItem","position":1,"name":"Startseite","item":"https:\/\/www.heimatverein-tostedt.de\/wordpress\/"},{"@type":"ListItem","position":2,"name":"Gruppen","item":"https:\/\/www.heimatverein-tostedt.de\/wordpress\/gruppen\/"},{"@type":"ListItem","position":3,"name":"Plattdeutsch &#8222;Platt in&#8217;n Heimathuus&#8220;"}]},{"@type":"WebSite","@id":"https:\/\/www.heimatverein-tostedt.de\/wordpress\/#website","url":"https:\/\/www.heimatverein-tostedt.de\/wordpress\/","name":"Heimatverein Tostedt e. V.","description":"","potentialAction":[{"@type":"SearchAction","target":{"@type":"EntryPoint","urlTemplate":"https:\/\/www.heimatverein-tostedt.de\/wordpress\/?s={search_term_string}"},"query-input":{"@type":"PropertyValueSpecification","valueRequired":true,"valueName":"search_term_string"}}],"inLanguage":"de"}]}},"uagb_featured_image_src":{"full":false,"thumbnail":false,"medium":false,"medium_large":false,"large":false,"1536x1536":false,"2048x2048":false,"post-thumbnail":false,"header":false,"slider":false,"columns":false,"custom":false},"uagb_author_info":{"display_name":"admin@heimatverein-tostedt.de","author_link":"https:\/\/www.heimatverein-tostedt.de\/wordpress\/author\/adminheimatverein-tostedt-de\/"},"uagb_comment_info":0,"uagb_excerpt":"De Plattd\u00fc\u00fctschgrupp in Vereen gifft dat seit 28. M\u00e4rz 2001. An dissen Dag hebbt sik 5 Mitglieder vom Vereen v\u00f6rn\u00f6men de Plattd\u00fc\u00fctsche Spraak up verschiedene Oort un Wies to erhoolen, to verbetern und \u00fcnner de L\u00fc\u00fcd to bringen! Intwischen sind wi ne Grupp von ca 25-30 L\u00fc\u00fct und dreept us... Continue reading","jetpack_sharing_enabled":true,"_links":{"self":[{"href":"https:\/\/www.heimatverein-tostedt.de\/wordpress\/wp-json\/wp\/v2\/pages\/66","targetHints":{"allow":["GET"]}}],"collection":[{"href":"https:\/\/www.heimatverein-tostedt.de\/wordpress\/wp-json\/wp\/v2\/pages"}],"about":[{"href":"https:\/\/www.heimatverein-tostedt.de\/wordpress\/wp-json\/wp\/v2\/types\/page"}],"author":[{"embeddable":true,"href":"https:\/\/www.heimatverein-tostedt.de\/wordpress\/wp-json\/wp\/v2\/users\/1"}],"replies":[{"embeddable":true,"href":"https:\/\/www.heimatverein-tostedt.de\/wordpress\/wp-json\/wp\/v2\/comments?post=66"}],"version-history":[{"count":4,"href":"https:\/\/www.heimatverein-tostedt.de\/wordpress\/wp-json\/wp\/v2\/pages\/66\/revisions"}],"predecessor-version":[{"id":1904,"href":"https:\/\/www.heimatverein-tostedt.de\/wordpress\/wp-json\/wp\/v2\/pages\/66\/revisions\/1904"}],"up":[{"embeddable":true,"href":"https:\/\/www.heimatverein-tostedt.de\/wordpress\/wp-json\/wp\/v2\/pages\/15"}],"wp:attachment":[{"href":"https:\/\/www.heimatverein-tostedt.de\/wordpress\/wp-json\/wp\/v2\/media?parent=66"}],"curies":[{"name":"wp","href":"https:\/\/api.w.org\/{rel}","templated":true}]}}