{"id":11,"date":"2022-04-18T07:28:00","date_gmt":"2022-04-18T05:28:00","guid":{"rendered":"https:\/\/ww2.heimatverein-tostedt.de\/wordpress\/?page_id=11"},"modified":"2026-04-03T11:28:14","modified_gmt":"2026-04-03T09:28:14","slug":"ueber-uns","status":"publish","type":"page","link":"https:\/\/www.heimatverein-tostedt.de\/wordpress\/ueber-uns\/","title":{"rendered":"\u00dcber Uns"},"content":{"rendered":"\n<p><\/p>\n\n\n\n<h2 class=\"wp-block-heading\">\u00dcBER UNSEREN VEREIN<\/h2>\n\n\n\n<h3 class=\"wp-block-heading\"><br>Heimatverein Tostedt e. V.<\/h3>\n\n\n\n<p>Unser Verein wurde am 28. Juli 1980 von 10 Mitgliedern gegr\u00fcndet und feierte im Jahre 2010 seinen 30. Geburtstag. Heute (Stand: 31.12.2025) hat der Verein 328 Mitglieder und ist in Tostedt eine verl\u00e4ssliche kulturelle Einrichtung geworden, die nicht mehr wegzudenken ist.<\/p>\n\n\n\n<p>Nach der Vereinsgr\u00fcndung wurden die B\u00fcrger der Samtgemeinde Tostedt zur Erhaltung und Sammlung ihrer Familienunterlagen, Bilder und Schriften sowie ihrer alten hauswirtschaftlichen, handwerklichen und landwirtschaftlichen Ger\u00e4te aufgerufen. Vieles, was jahrzehntelang vergessen war, wurde hervorgeholt und zum Teil dem Verein geschenkt. Die Gegenst\u00e4nde werden ausgestellt und sind h\u00e4ufig Mittelpunkt von Vortr\u00e4gen und Ver\u00f6ffentlichungen. 1981 erschienen das erste und 2015 bereits das 40. Jahresheft &#8222;Nachrichten von Hermann und Erika&#8220; mit interessanten orts-, zeit- und baugeschichtlichen sowie heimatkundlichen, naturkundlichen und arch\u00e4ologischen Themen.<\/p>\n\n\n\n<p>Von Anfang an hat der Verein zahlreiche Aktivit\u00e4ten mit heimatkundlichen Veranstaltungen, Ausfl\u00fcgen und Ausstellungen entfaltet. 1996 stellte die Johannesgemeinde dem Verein die 1828 errichtete ehemalige Pastorenscheune, in der sich viele Jahrzehnte der Konfirmandensaal befand, zur Verf\u00fcgung. Mit finanzieller Unterst\u00fctzung der Gemeinde Tostedt, durch den Einsatz vieler Firmen und vor allem der vielen ehrenamtlichen Helfer wurde das sanierungsbed\u00fcrftige Geb\u00e4ude in vierj\u00e4hriger m\u00fchseliger Arbeit zum Heimathaus.<\/p>\n\n\n\n<p>2001 wurden eine Heu- und Torfscheune aus W\u00fcmme und 2006 ein Backhaus aus Dohren vor dem Abriss gerettet und mit finanzieller Unterst\u00fctzung der Gemeinde Tostedt, der Vorwerk-Stiftung sowie der nieders\u00e4chsischen Umweltstiftung BINGO auf dem Gel\u00e4nde des Vereins wieder aufgebaut. Beide Geb\u00e4ude bilden zusammen mit dem Heimathaus ein interessantes Ensemble auf der Hofstelle Himmelsweg 8.<\/p>\n\n\n\n<p>(Die Satzung l\u00e4sst sich&nbsp;hier <a href=\"https:\/\/www.heimatverein-tostedt.de\/wordpress\/satzung\/\" data-type=\"page\" data-id=\"29\">&gt;&gt;&gt;<\/a>&nbsp;aufrufen.)<br>(Hinweise zum Datenschutz finden Sie unter&nbsp;<a href=\"https:\/\/www.heimatverein-tostedt.de\/wordpress\/impressum-und-datenschutz\/\" data-type=\"page\" data-id=\"27\">Impresssum &gt;&gt;&gt;<\/a>&nbsp;.)<\/p>\n","protected":false},"excerpt":{"rendered":"<p>\u00dcBER UNSEREN VEREIN Heimatverein Tostedt e. V. Unser Verein wurde am 28. Juli 1980 von 10 Mitgliedern gegr\u00fcndet und feierte im Jahre 2010 seinen 30. Geburtstag. Heute (Stand: 31.12.2025) hat der Verein 328 Mitglieder und ist in Tostedt eine verl\u00e4ssliche kulturelle Einrichtung geworden, die nicht mehr wegzudenken ist. Nach der&#8230;<\/p>\n<p> <a class=\"continue-reading-link\" href=\"https:\/\/www.heimatverein-tostedt.de\/wordpress\/ueber-uns\/\"><span>Continue reading<\/span><i class=\"crycon-right-dir\"><\/i><\/a> <\/p>\n","protected":false},"author":1,"featured_media":0,"parent":0,"menu_order":1,"comment_status":"closed","ping_status":"closed","template":"","meta":{"_uag_custom_page_level_css":"","ngg_post_thumbnail":0,"footnotes":""},"class_list":["post-11","page","type-page","status-publish","hentry"],"yoast_head":"<!-- This site is optimized with the Yoast SEO plugin v25.3.1 - https:\/\/yoast.com\/wordpress\/plugins\/seo\/ -->\n<title>\u00dcber Uns - Heimatverein Tostedt e. V.<\/title>\n<meta name=\"robots\" content=\"index, follow, max-snippet:-1, max-image-preview:large, max-video-preview:-1\" \/>\n<link rel=\"canonical\" href=\"https:\/\/www.heimatverein-tostedt.de\/wordpress\/ueber-uns\/\" \/>\n<meta property=\"og:locale\" content=\"de_DE\" \/>\n<meta property=\"og:type\" content=\"article\" \/>\n<meta property=\"og:title\" content=\"\u00dcber Uns - Heimatverein Tostedt e. V.\" \/>\n<meta property=\"og:description\" content=\"\u00dcBER UNSEREN VEREIN Heimatverein Tostedt e. V. Unser Verein wurde am 28. Juli 1980 von 10 Mitgliedern gegr\u00fcndet und feierte im Jahre 2010 seinen 30. Geburtstag. Heute (Stand: 31.12.2025) hat der Verein 328 Mitglieder und ist in Tostedt eine verl\u00e4ssliche kulturelle Einrichtung geworden, die nicht mehr wegzudenken ist. Nach der... Continue reading\" \/>\n<meta property=\"og:url\" content=\"https:\/\/www.heimatverein-tostedt.de\/wordpress\/ueber-uns\/\" \/>\n<meta property=\"og:site_name\" content=\"Heimatverein Tostedt e. V.\" \/>\n<meta property=\"article:modified_time\" content=\"2026-04-03T09:28:14+00:00\" \/>\n<meta name=\"twitter:card\" content=\"summary_large_image\" \/>\n<meta name=\"twitter:label1\" content=\"Gesch\u00e4tzte Lesezeit\" \/>\n\t<meta name=\"twitter:data1\" content=\"2\u00a0Minuten\" \/>\n<script type=\"application\/ld+json\" class=\"yoast-schema-graph\">{\"@context\":\"https:\/\/schema.org\",\"@graph\":[{\"@type\":\"WebPage\",\"@id\":\"https:\/\/www.heimatverein-tostedt.de\/wordpress\/ueber-uns\/\",\"url\":\"https:\/\/www.heimatverein-tostedt.de\/wordpress\/ueber-uns\/\",\"name\":\"\u00dcber Uns - Heimatverein Tostedt e. V.\",\"isPartOf\":{\"@id\":\"https:\/\/www.heimatverein-tostedt.de\/wordpress\/#website\"},\"datePublished\":\"2022-04-18T05:28:00+00:00\",\"dateModified\":\"2026-04-03T09:28:14+00:00\",\"breadcrumb\":{\"@id\":\"https:\/\/www.heimatverein-tostedt.de\/wordpress\/ueber-uns\/#breadcrumb\"},\"inLanguage\":\"de\",\"potentialAction\":[{\"@type\":\"ReadAction\",\"target\":[\"https:\/\/www.heimatverein-tostedt.de\/wordpress\/ueber-uns\/\"]}]},{\"@type\":\"BreadcrumbList\",\"@id\":\"https:\/\/www.heimatverein-tostedt.de\/wordpress\/ueber-uns\/#breadcrumb\",\"itemListElement\":[{\"@type\":\"ListItem\",\"position\":1,\"name\":\"Startseite\",\"item\":\"https:\/\/www.heimatverein-tostedt.de\/wordpress\/\"},{\"@type\":\"ListItem\",\"position\":2,\"name\":\"\u00dcber Uns\"}]},{\"@type\":\"WebSite\",\"@id\":\"https:\/\/www.heimatverein-tostedt.de\/wordpress\/#website\",\"url\":\"https:\/\/www.heimatverein-tostedt.de\/wordpress\/\",\"name\":\"Heimatverein Tostedt e. V.\",\"description\":\"\",\"potentialAction\":[{\"@type\":\"SearchAction\",\"target\":{\"@type\":\"EntryPoint\",\"urlTemplate\":\"https:\/\/www.heimatverein-tostedt.de\/wordpress\/?s={search_term_string}\"},\"query-input\":{\"@type\":\"PropertyValueSpecification\",\"valueRequired\":true,\"valueName\":\"search_term_string\"}}],\"inLanguage\":\"de\"}]}<\/script>\n<!-- \/ Yoast SEO plugin. -->","yoast_head_json":{"title":"\u00dcber Uns - Heimatverein Tostedt e. V.","robots":{"index":"index","follow":"follow","max-snippet":"max-snippet:-1","max-image-preview":"max-image-preview:large","max-video-preview":"max-video-preview:-1"},"canonical":"https:\/\/www.heimatverein-tostedt.de\/wordpress\/ueber-uns\/","og_locale":"de_DE","og_type":"article","og_title":"\u00dcber Uns - Heimatverein Tostedt e. V.","og_description":"\u00dcBER UNSEREN VEREIN Heimatverein Tostedt e. V. Unser Verein wurde am 28. Juli 1980 von 10 Mitgliedern gegr\u00fcndet und feierte im Jahre 2010 seinen 30. Geburtstag. Heute (Stand: 31.12.2025) hat der Verein 328 Mitglieder und ist in Tostedt eine verl\u00e4ssliche kulturelle Einrichtung geworden, die nicht mehr wegzudenken ist. Nach der... Continue reading","og_url":"https:\/\/www.heimatverein-tostedt.de\/wordpress\/ueber-uns\/","og_site_name":"Heimatverein Tostedt e. V.","article_modified_time":"2026-04-03T09:28:14+00:00","twitter_card":"summary_large_image","twitter_misc":{"Gesch\u00e4tzte Lesezeit":"2\u00a0Minuten"},"schema":{"@context":"https:\/\/schema.org","@graph":[{"@type":"WebPage","@id":"https:\/\/www.heimatverein-tostedt.de\/wordpress\/ueber-uns\/","url":"https:\/\/www.heimatverein-tostedt.de\/wordpress\/ueber-uns\/","name":"\u00dcber Uns - Heimatverein Tostedt e. V.","isPartOf":{"@id":"https:\/\/www.heimatverein-tostedt.de\/wordpress\/#website"},"datePublished":"2022-04-18T05:28:00+00:00","dateModified":"2026-04-03T09:28:14+00:00","breadcrumb":{"@id":"https:\/\/www.heimatverein-tostedt.de\/wordpress\/ueber-uns\/#breadcrumb"},"inLanguage":"de","potentialAction":[{"@type":"ReadAction","target":["https:\/\/www.heimatverein-tostedt.de\/wordpress\/ueber-uns\/"]}]},{"@type":"BreadcrumbList","@id":"https:\/\/www.heimatverein-tostedt.de\/wordpress\/ueber-uns\/#breadcrumb","itemListElement":[{"@type":"ListItem","position":1,"name":"Startseite","item":"https:\/\/www.heimatverein-tostedt.de\/wordpress\/"},{"@type":"ListItem","position":2,"name":"\u00dcber Uns"}]},{"@type":"WebSite","@id":"https:\/\/www.heimatverein-tostedt.de\/wordpress\/#website","url":"https:\/\/www.heimatverein-tostedt.de\/wordpress\/","name":"Heimatverein Tostedt e. V.","description":"","potentialAction":[{"@type":"SearchAction","target":{"@type":"EntryPoint","urlTemplate":"https:\/\/www.heimatverein-tostedt.de\/wordpress\/?s={search_term_string}"},"query-input":{"@type":"PropertyValueSpecification","valueRequired":true,"valueName":"search_term_string"}}],"inLanguage":"de"}]}},"uagb_featured_image_src":{"full":false,"thumbnail":false,"medium":false,"medium_large":false,"large":false,"1536x1536":false,"2048x2048":false,"post-thumbnail":false,"header":false,"slider":false,"columns":false,"custom":false},"uagb_author_info":{"display_name":"admin@heimatverein-tostedt.de","author_link":"https:\/\/www.heimatverein-tostedt.de\/wordpress\/author\/adminheimatverein-tostedt-de\/"},"uagb_comment_info":0,"uagb_excerpt":"\u00dcBER UNSEREN VEREIN Heimatverein Tostedt e. V. Unser Verein wurde am 28. Juli 1980 von 10 Mitgliedern gegr\u00fcndet und feierte im Jahre 2010 seinen 30. Geburtstag. Heute (Stand: 31.12.2025) hat der Verein 328 Mitglieder und ist in Tostedt eine verl\u00e4ssliche kulturelle Einrichtung geworden, die nicht mehr wegzudenken ist. Nach der... Continue reading","jetpack_sharing_enabled":true,"_links":{"self":[{"href":"https:\/\/www.heimatverein-tostedt.de\/wordpress\/wp-json\/wp\/v2\/pages\/11","targetHints":{"allow":["GET"]}}],"collection":[{"href":"https:\/\/www.heimatverein-tostedt.de\/wordpress\/wp-json\/wp\/v2\/pages"}],"about":[{"href":"https:\/\/www.heimatverein-tostedt.de\/wordpress\/wp-json\/wp\/v2\/types\/page"}],"author":[{"embeddable":true,"href":"https:\/\/www.heimatverein-tostedt.de\/wordpress\/wp-json\/wp\/v2\/users\/1"}],"replies":[{"embeddable":true,"href":"https:\/\/www.heimatverein-tostedt.de\/wordpress\/wp-json\/wp\/v2\/comments?post=11"}],"version-history":[{"count":10,"href":"https:\/\/www.heimatverein-tostedt.de\/wordpress\/wp-json\/wp\/v2\/pages\/11\/revisions"}],"predecessor-version":[{"id":1998,"href":"https:\/\/www.heimatverein-tostedt.de\/wordpress\/wp-json\/wp\/v2\/pages\/11\/revisions\/1998"}],"wp:attachment":[{"href":"https:\/\/www.heimatverein-tostedt.de\/wordpress\/wp-json\/wp\/v2\/media?parent=11"}],"curies":[{"name":"wp","href":"https:\/\/api.w.org\/{rel}","templated":true}]}}